{"id":1235,"date":"2018-08-29T14:42:22","date_gmt":"2018-08-29T17:42:22","guid":{"rendered":"https:\/\/ens10-caba.infd.edu.ar\/sitio\/ubicacion-2\/"},"modified":"2024-05-09T23:33:26","modified_gmt":"2024-05-10T02:33:26","slug":"ubicacion-2","status":"publish","type":"page","link":"https:\/\/ens10-caba.infd.edu.ar\/sitio\/ubicacion-2\/","title":{"rendered":"Ubicaci\u00f3n"},"content":{"rendered":"<pre style=\"text-align: center;\"><span style=\"font-family: verdana,geneva;\"><span style=\"font-size: 14pt;\"><span style=\"font-family: tahoma,arial,helvetica,sans-serif;\"><strong>Nivel Primario, Medio y Terciario<\/strong><\/span><\/span><\/span><\/pre>\n<p style=\"text-align: center;\"><span style=\"font-family: verdana,geneva;\"><span style=\"font-size: 10pt;\"><span style=\"font-family: tahoma,arial,helvetica,sans-serif;\"><span style=\"font-size: 10pt;\">&#8211; O\u2019HIGGINS 2441 &#8211;<\/span><\/span><\/span><\/span><span style=\"font-family: verdana,geneva;\"><span style=\"font-size: 10pt;\"><span style=\"font-family: tahoma,arial,helvetica,sans-serif;\"><span style=\"font-size: 10pt;\"> Tel. 4785-1788 \/ 4785-6973<\/span><\/span><\/span><\/span><\/p>\n<p style=\"text-align: center;\"><iframe loading=\"lazy\" style=\"border: 0;\" src=\"https:\/\/www.google.com\/maps\/embed?pb=!1m18!1m12!1m3!1d3285.905543676955!2d-58.45694568445818!3d-34.555946880471765!2m3!1f0!2f0!3f0!3m2!1i1024!2i768!4f13.1!3m3!1m2!1s0x0%3A0xca03bd73309ee1e9!2sEscuela%20Normal%20Superior%20N%C2%B010%20%22Juan%20Bautista%20Alberdi%22!5e0!3m2!1ses!2sar!4v1575033591919!5m2!1ses!2sar\" width=\"600\" height=\"450\" frameborder=\"0\" allowfullscreen=\"allowfullscreen\"><\/iframe><\/p>\n<pre style=\"text-align: center;\"><span style=\"font-family: verdana,geneva;\"><span style=\"font-size: 14pt;\"><span style=\"font-family: tahoma,arial,helvetica,sans-serif;\"><strong>Nivel Inicial y Educaci\u00f3n F\u00edsica<\/strong><\/span><\/span><\/span><\/pre>\n<p style=\"text-align: center;\"><span style=\"font-family: verdana,geneva;\"><span style=\"font-size: 10pt;\"><span style=\"font-family: tahoma,arial,helvetica,sans-serif;\">TRES DE FEBRERO 2345 &#8211; Tel. 4788-5465 &#8211;<\/span><\/span><\/span><\/p>\n<p style=\"text-align: center;\"><iframe loading=\"lazy\" style=\"border: 0;\" src=\"https:\/\/www.google.com\/maps\/embed?pb=!1m18!1m12!1m3!1d3285.905543676955!2d-58.45694568445818!3d-34.555946880471765!2m3!1f0!2f0!3f0!3m2!1i1024!2i768!4f13.1!3m3!1m2!1s0x95bcb42c558f0887%3A0x17bf88a2c5b1aee!2sEscuela%20Normal%20Superior%20N%C2%BA%2010%20Juan%20Bautista%20Alberdi%20Edif.%20Anexo!5e0!3m2!1ses!2sar!4v1575033720340!5m2!1ses!2sar\" width=\"600\" height=\"450\" frameborder=\"0\" allowfullscreen=\"allowfullscreen\"><\/iframe><\/p>\n<pre style=\"text-align: center;\"><span style=\"font-family: verdana,geneva;\"><span style=\"font-size: 14pt;\"><span style=\"font-family: tahoma,arial,helvetica,sans-serif;\"><strong>C\u00f3mo llegar<\/strong><\/span><\/span><\/span><\/pre>\n<p style=\"text-align: center;\"><span style=\"font-family: verdana,geneva;\"><span style=\"font-size: 10pt;\"><span style=\"font-family: tahoma,arial,helvetica,sans-serif;\"><span style=\"font-size: 10pt;\"><strong>Colectivos:<\/strong> 15-29-39-41-57-60-68-80-107-113-114-133-152-161-168<br \/>\n<strong>Subte:<\/strong> Estaci\u00f3n Congreso de Tucum\u00e1n y Juramento.<\/span><\/span><\/span><\/span><\/p>\n<p style=\"text-align: center;\">\n","protected":false},"excerpt":{"rendered":"<p>Nivel Primario, Medio y Terciario &#8211; O\u2019HIGGINS 2441 &#8211; Tel. 4785-1788 \/ 4785-6973 Nivel Inicial y Educaci\u00f3n F\u00edsica TRES DE FEBRERO 2345 &#8211; Tel. 4788-5465 &#8211; C\u00f3mo llegar Colectivos: 15-29-39-41-57-60-68-80-107-113-114-133-152-161-168 Subte: Estaci\u00f3n Congreso de Tucum\u00e1n y Juramento.<\/p>\n","protected":false},"author":2976,"featured_media":0,"parent":0,"menu_order":0,"comment_status":"closed","ping_status":"closed","template":"","meta":[],"acf":[],"_links":{"self":[{"href":"https:\/\/ens10-caba.infd.edu.ar\/sitio\/wp-json\/wp\/v2\/pages\/1235"}],"collection":[{"href":"https:\/\/ens10-caba.infd.edu.ar\/sitio\/wp-json\/wp\/v2\/pages"}],"about":[{"href":"https:\/\/ens10-caba.infd.edu.ar\/sitio\/wp-json\/wp\/v2\/types\/page"}],"author":[{"embeddable":true,"href":"https:\/\/ens10-caba.infd.edu.ar\/sitio\/wp-json\/wp\/v2\/users\/2976"}],"replies":[{"embeddable":true,"href":"https:\/\/ens10-caba.infd.edu.ar\/sitio\/wp-json\/wp\/v2\/comments?post=1235"}],"version-history":[{"count":5,"href":"https:\/\/ens10-caba.infd.edu.ar\/sitio\/wp-json\/wp\/v2\/pages\/1235\/revisions"}],"predecessor-version":[{"id":3944,"href":"https:\/\/ens10-caba.infd.edu.ar\/sitio\/wp-json\/wp\/v2\/pages\/1235\/revisions\/3944"}],"wp:attachment":[{"href":"https:\/\/ens10-caba.infd.edu.ar\/sitio\/wp-json\/wp\/v2\/media?parent=1235"}],"curies":[{"name":"wp","href":"https:\/\/api.w.org\/{rel}","templated":true}]}}