{"id":2194,"date":"2020-07-05T10:02:28","date_gmt":"2020-07-05T13:02:28","guid":{"rendered":"https:\/\/ens10-caba.infd.edu.ar\/sitio\/?page_id=2194"},"modified":"2024-02-15T14:20:12","modified_gmt":"2024-02-15T17:20:12","slug":"2do-cuat-2020-talleres-de-practica-pep","status":"publish","type":"page","link":"https:\/\/ens10-caba.infd.edu.ar\/sitio\/nivel-terciario\/2do-cuat-2020-talleres-de-practica-pep\/","title":{"rendered":"1\u00b0 Cuatrimestre 2024 Talleres de Pr\u00e1ctica &#8211; PEP"},"content":{"rendered":"<h1 style=\"text-align: center;\">PREINSCRIPCI\u00d3N A TALLERES 3, 4, 5 y 6.<\/h1>\n<div class=\"tiny_personalizado text_overflow\">\n<p><strong>\u00a0<\/strong><\/p>\n<p><b>PROFESORADO\u00a0DE EDUCACI\u00d3N PRIMARIA<\/b><\/p>\n<p><b>TALLERES DE LA PR\u00c1CTICA\u00a0 3-4-5-6<\/b><\/p>\n<p><b>PREINSCRIPCI\u00d3N OBLIGATORIA ON LINE\u00a0<\/b><\/p>\n<p><b>1\u00ba CUATRIMESTRE 2024<\/b><\/p>\n<p><b>Del <\/b><b>16 al 22 de febrero<\/b> <b>a las 18 hs<\/b><\/p>\n<p><b>REUNIONES\u00a0INFORMATIVAS PRESENCIALES\u00a0<\/b><\/p>\n<p><span style=\"font-weight: 400;\">TALLER 3 Y 4\u00a0jueves\u00a015 de febrero 2024 18 HS<\/span><\/p>\n<p><span style=\"font-weight: 400;\">TALLER 5 Y 6\u00a0jueves 15 de febrero\u00a02024 19 HS<\/span><\/p>\n<p><span style=\"font-weight: 400;\">Preinscripci\u00f3n OBLIGATORIA a los talleres 3, 4, 5 Y 6 del 16 al 22\/2 completando el siguiente formulario en los siguientes links:<\/span><\/p>\n<p><span style=\"font-weight: 400;\">Talleres 5\/6:\u00a0<\/span><a href=\"https:\/\/forms.gle\/5jCiQWeGNEToBQwr8\"><span style=\"font-weight: 400;\">https:\/\/forms.gle\/5jCiQWeGNEToBQwr8<\/span><\/a><\/p>\n<p><span style=\"font-weight: 400;\">Talleres 3\/4:\u00a0\u00a0<\/span><a href=\"https:\/\/forms.gle\/9kLTcRZxsgGaz44V6\"><span style=\"font-weight: 400;\">https:\/\/forms.gle\/9kLTcRZxsgGaz44V6<\/span><\/a><\/p>\n<p><span style=\"font-weight: 400;\">Dispositivo de fortalecimiento:\u00a0\u00a0<\/span><a href=\"https:\/\/forms.gle\/9X9e95yhCXRQeJ928\"><span style=\"font-weight: 400;\">https:\/\/forms.gle\/9X9e95yhCXRQeJ928<\/span><\/a><\/p>\n<p><span style=\"font-weight: 400;\">(se habilitan a partir del 16\/2\/2024)<\/span><\/p>\n<p><b>Importante: El formulario habilitar\u00e1 la inscripci\u00f3n a una sola opci\u00f3n de taller publicado.<\/b><\/p>\n<p><b>LA CONFIRMACI\u00d3N DE VACANTE SE RELIZAR\u00c1 DE MANERA PRESENCIAL DE ACUERDO AL SIGUIENTE CRONOGRAMA<\/b><\/p>\n<p><b>JUEVES 29 DE FEBRERO\u00a02024<\/b><\/p>\n<p><b>Taller 6 de ambos turnos: 18 HS<\/b><\/p>\n<p><b>Taller 5 de ambos turnos: 18:30\u00a0HS<\/b><\/p>\n<p><b>Taller 4 de ambos turnos: 19 HS<\/b><\/p>\n<p><b>Taller 3 de ambos turnos: 19.30 H<\/b><\/p>\n<p><span style=\"font-weight: 400;\">De no poder asistir, la vacante puede ser confirmada por cualquier persona autorizada<\/span><\/p>\n<table>\n<tbody>\n<tr>\n<td><\/td>\n<td><\/td>\n<\/tr>\n<\/tbody>\n<\/table>\n<p>Coordinadores del CFPP_PEP<\/p>\n<\/div>\n<p><span style=\"font-weight: 400;\">\u00a0<\/span><a href=\"mailto:cfppcoordinacionpep@gmail.com\"><span style=\"font-weight: 400;\">cfppcoordinacionpep@gmail.com<\/span><\/a><\/p>\n","protected":false},"excerpt":{"rendered":"<p>PREINSCRIPCI\u00d3N A TALLERES 3, 4, 5 y 6. \u00a0 PROFESORADO\u00a0DE EDUCACI\u00d3N PRIMARIA TALLERES DE LA PR\u00c1CTICA\u00a0 3-4-5-6 PREINSCRIPCI\u00d3N OBLIGATORIA ON LINE\u00a0 1\u00ba CUATRIMESTRE 2024 Del 16 al 22 de febrero a las 18 hs REUNIONES\u00a0INFORMATIVAS PRESENCIALES\u00a0 TALLER 3 Y 4\u00a0jueves\u00a015 de febrero 2024 18 HS TALLER 5 Y 6\u00a0jueves 15 de febrero\u00a02024 19 HS Preinscripci\u00f3n &#8230; <a title=\"1\u00b0 Cuatrimestre 2024 Talleres de Pr\u00e1ctica &#8211; PEP\" class=\"read-more\" href=\"https:\/\/ens10-caba.infd.edu.ar\/sitio\/nivel-terciario\/2do-cuat-2020-talleres-de-practica-pep\/\" aria-label=\"More on 1\u00b0 Cuatrimestre 2024 Talleres de Pr\u00e1ctica &#8211; PEP\">[+]<\/a><\/p>\n","protected":false},"author":2976,"featured_media":0,"parent":1209,"menu_order":0,"comment_status":"closed","ping_status":"closed","template":"","meta":[],"acf":[],"_links":{"self":[{"href":"https:\/\/ens10-caba.infd.edu.ar\/sitio\/wp-json\/wp\/v2\/pages\/2194"}],"collection":[{"href":"https:\/\/ens10-caba.infd.edu.ar\/sitio\/wp-json\/wp\/v2\/pages"}],"about":[{"href":"https:\/\/ens10-caba.infd.edu.ar\/sitio\/wp-json\/wp\/v2\/types\/page"}],"author":[{"embeddable":true,"href":"https:\/\/ens10-caba.infd.edu.ar\/sitio\/wp-json\/wp\/v2\/users\/2976"}],"replies":[{"embeddable":true,"href":"https:\/\/ens10-caba.infd.edu.ar\/sitio\/wp-json\/wp\/v2\/comments?post=2194"}],"version-history":[{"count":12,"href":"https:\/\/ens10-caba.infd.edu.ar\/sitio\/wp-json\/wp\/v2\/pages\/2194\/revisions"}],"predecessor-version":[{"id":3766,"href":"https:\/\/ens10-caba.infd.edu.ar\/sitio\/wp-json\/wp\/v2\/pages\/2194\/revisions\/3766"}],"up":[{"embeddable":true,"href":"https:\/\/ens10-caba.infd.edu.ar\/sitio\/wp-json\/wp\/v2\/pages\/1209"}],"wp:attachment":[{"href":"https:\/\/ens10-caba.infd.edu.ar\/sitio\/wp-json\/wp\/v2\/media?parent=2194"}],"curies":[{"name":"wp","href":"https:\/\/api.w.org\/{rel}","templated":true}]}}