{"id":3657,"date":"2023-10-09T20:25:02","date_gmt":"2023-10-09T23:25:02","guid":{"rendered":"https:\/\/ens10-caba.infd.edu.ar\/sitio\/?page_id=3657"},"modified":"2024-05-10T00:03:29","modified_gmt":"2024-05-10T03:03:29","slug":"biblioteca","status":"publish","type":"page","link":"https:\/\/ens10-caba.infd.edu.ar\/sitio\/biblioteca\/","title":{"rendered":"Biblioteca"},"content":{"rendered":"\n<p><\/p>\n\n\n\n<p>La biblioteca de la E.N.S. N\u00ba 10  est\u00e1 ubicada en el primer piso del edificio principal, O&#8217;Higgins 2441 &#8211; C.A.B.A. y presta servicios a todos sus niveles: Inicial, Primario, Medio y Superior Terciario. Fundamentalmente desarrolla una intensa actividad en articulaci\u00f3n con el nivel Medio, los Profesorados de Educaci\u00f3n Inicial y Primaria y los proyectos pedag\u00f3gicos que presentan los docentes de todos los niveles. Estas acciones de articulaci\u00f3n tienden a reubicar a la biblioteca como espacio abierto a las necesidades de la comunidad educativa.<\/p>\n\n\n\n<p><strong>Horario de atenci\u00f3n:<\/strong>\u00a0abierta para el nivel Terciario de lunes a viernes de 13 a 22 hs.<\/p>\n\n\n\n<p><strong>Biblioteca Virtual<\/strong>: Contamos con un acceso directo a m\u00faltiples ediciones de libros digitales para consultar directamente desde tus medios digitales. <\/p>\n\n\n\n<p>Para conocer el <a rel=\"noreferrer noopener\" href=\"https:\/\/ens10-caba.infd.edu.ar\/sitio\/wp-content\/uploads\/2021\/03\/ROI-Res-2014-346-SSGEC.pdf\" target=\"_blank\">Reglamento Org\u00e1nico Institucional<\/a> podes hacer clic sobre el enlace. <\/p>\n\n\n\n<p>Acced\u00e9 a la <a href=\"https:\/\/docs.google.com\/presentation\/d\/e\/2PACX-1vTPBdgbM0OQHcaKsg48aZpR_VgGlPgwmRy7G85M1UbST-OkN3JcfLaYvA73vzWawysiHo4sFNGd8ub_\/pub?start=false&amp;loop=false&amp;delayms=3000\">Biblioteca Virtual ENS N\u00b010<\/a><\/p>\n\n\n\n<pre class=\"wp-block-preformatted\"><strong>Tr\u00e1mites <\/strong><\/pre>\n\n\n\n<ul>\n<li>Solicitud de Equivalencias&nbsp;<a rel=\"noreferrer noopener\" href=\"upload\/Solicitud_individual_de_Equivalencias.pdf\" target=\"_blank\">Individual<\/a>&nbsp;<a rel=\"noreferrer noopener\" href=\"upload\/Solicitud_general_de_Equivalencias.pdf\" target=\"_blank\">General<\/a><\/li>\n\n\n\n<li>Solicitud de programas (biblionormal102@gmail.com)<\/li>\n<\/ul>\n\n\n\n<p><\/p>\n","protected":false},"excerpt":{"rendered":"<p>La biblioteca de la E.N.S. N\u00ba 10 est\u00e1 ubicada en el primer piso del edificio principal, O&#8217;Higgins 2441 &#8211; C.A.B.A. y presta servicios a todos sus niveles: Inicial, Primario, Medio y Superior Terciario. Fundamentalmente desarrolla una intensa actividad en articulaci\u00f3n con el nivel Medio, los Profesorados de Educaci\u00f3n Inicial y Primaria y los proyectos pedag\u00f3gicos &#8230; <a title=\"Biblioteca\" class=\"read-more\" href=\"https:\/\/ens10-caba.infd.edu.ar\/sitio\/biblioteca\/\" aria-label=\"More on Biblioteca\">[+]<\/a><\/p>\n","protected":false},"author":3017,"featured_media":0,"parent":0,"menu_order":0,"comment_status":"closed","ping_status":"closed","template":"","meta":[],"acf":[],"_links":{"self":[{"href":"https:\/\/ens10-caba.infd.edu.ar\/sitio\/wp-json\/wp\/v2\/pages\/3657"}],"collection":[{"href":"https:\/\/ens10-caba.infd.edu.ar\/sitio\/wp-json\/wp\/v2\/pages"}],"about":[{"href":"https:\/\/ens10-caba.infd.edu.ar\/sitio\/wp-json\/wp\/v2\/types\/page"}],"author":[{"embeddable":true,"href":"https:\/\/ens10-caba.infd.edu.ar\/sitio\/wp-json\/wp\/v2\/users\/3017"}],"replies":[{"embeddable":true,"href":"https:\/\/ens10-caba.infd.edu.ar\/sitio\/wp-json\/wp\/v2\/comments?post=3657"}],"version-history":[{"count":8,"href":"https:\/\/ens10-caba.infd.edu.ar\/sitio\/wp-json\/wp\/v2\/pages\/3657\/revisions"}],"predecessor-version":[{"id":3954,"href":"https:\/\/ens10-caba.infd.edu.ar\/sitio\/wp-json\/wp\/v2\/pages\/3657\/revisions\/3954"}],"wp:attachment":[{"href":"https:\/\/ens10-caba.infd.edu.ar\/sitio\/wp-json\/wp\/v2\/media?parent=3657"}],"curies":[{"name":"wp","href":"https:\/\/api.w.org\/{rel}","templated":true}]}}